r of 190 and 266.
38
Calculate the highest common factor of 888 and 4.
4
What is the highest common factor of 34 and 4?
2
What is the highest common divisor of 1652 and 448?
28
What is the highest common divisor of 114 and 399?
57
What is the greatest common factor of 216 and 29592?
216
What is the highest common divisor of 610 and 793?
61
What is the highest common factor of 66 and 363?
33
Calculate the greatest common divisor of 20 and 460.
20
Calculate the greatest common divisor of 440 and 55.
55
Calculate the highest common divisor of 16 and 688.
16
What is the highest common factor of 40 and 500?
20
What is the greatest common factor of 240 and 570?
30
Calculate the greatest common factor of 1302 and 2976.
186
What is the greatest common factor of 84 and 28?
28
What is the greatest common divisor of 85 and 765?
85
What is the highest common factor of 477 and 4452?
159
Calculate the greatest common divisor of 114 and 2698.
38
What is the highest common divisor of 2783 and 23?
23
Calculate the greatest common factor of 2802 and 42.
6
Calculate the greatest common factor of 627 and 171.
57
What is the greatest common factor of 243 and 4131?
243
Calculate the greatest common factor of 496 and 310.
62
What is the highest common divisor of 2 and 295?
1
Calculate the greatest common factor of 37 and 3811.
37
What is the highest common factor of 1776 and 144?
48
What is the greatest common factor of 16 and 944?
16
What is the greatest common factor of 209 and 456?
19
Calculate the highest common factor of 2520 and 392.
56
Calculate the greatest common divisor of 8 and 376.
8
Calculate the highest common divisor of 32 and 1720.
8
Calculate the highest common factor of 20 and 35.
5
What is the greatest common divisor of 92 and 1380?
92
Calculate the greatest common divisor of 261 and 6757.
29
Calculate the greatest common factor of 68 and 255.
17
What is the greatest common divisor of 42 and 350?
14
Calculate the highest common divisor of 51 and 1003.
17
Calculate the greatest common divisor of 61 and 1220.
61
Calculate the highest common factor of 15336 and 216.
216
What is the greatest common factor of 32 and 48?
16
What is the highest common divisor of 36 and 2802?
6
What is the greatest common divisor of 24 and 482?
2
Calculate the highest common divisor of 527 and 68.
17
Calculate the highest common factor of 868 and 28.
28
Calculate the highest common divisor of 243 and 1917.
27
What is the highest common factor of 4294 and 76?
38
What is the greatest common factor of 2088 and 72?
72
Calculate the highest common divisor of 1911 and 78.
39
Calculate the highest common divisor of 2720 and 640.
160
What is the highest common divisor of 132 and 726?
66
What is the highest common divisor of 248 and 527?
31
Calculate the greatest common divisor of 16 and 8.
8
Calculate the highest common divisor of 162 and 11502.
162
What is the highest common factor of 567 and 21?
21
What is the highest common divisor of 20 and 3590?
10
Calculate the highest common factor of 30 and 1120.
10
Calculate the greatest common factor of 6 and 13.
1
What is the greatest common factor of 70 and 350?
70
Calculate the greatest common divisor of 24 and 204.
12
Calculate the highest common divisor of 102 and 2499.
51
What is the greatest common factor of 23 and 552?
23
What is the highest common divisor of 36 and 4?
4
What is the highest common factor of 2288 and 312?
104
Calculate the greatest common factor of 26 and 143.
13
What is the highest common factor of 1504 and 235?
47
Calculate the highest common divisor of 32 and 18352.
16
What is the highest common factor of 220 and 4279?
11
What is the greatest common factor of 930 and 150?
30
Calculate the greatest common divisor of 3569 and 83.
83
Calculate the highest common factor of 880 and 1375.
55
Calculate the greatest common factor of 35 and 95.
5
What is the highest common divisor of 603 and 1943?
67
Calculate the greatest common divisor of 442 and 26.
26
Calculate the greatest common factor of 24 and 6.
6
What is the greatest common divisor of 200 and 640?
40
What is the greatest common factor of 26 and 27235?
13
What is the highest common factor of 7 and 91?
7
What is the greatest common factor of 290 and 540?
10
What is the highest common divisor of 1560 and 117?
39
Calculate the highest common factor of 10777 and 65.
13
Calculate the greatest common divisor of 385 and 1015.
35
Calculate the highest common divisor of 40 and 152920.
40
What is the highest common factor of 3968 and 124?
124
What is the greatest common factor of 208 and 13?
13
Calculate the highest common factor of 1 and 4376.
1
What is the greatest common factor of 2210 and 765?
85
What is the greatest common divisor of 43190 and 70?
70
Calculate the highest common divisor of 190 and 3078.
38
What is the highest common divisor of 146 and 657?
73
Calculate the highest common factor of 57 and 247.
19
Calculate the greatest common divisor of 180 and 1140.
60
Calculate the greatest common factor of 1854 and 54.
18
What is the greatest common divisor of 10 and 32?
2
What is the highest common factor of 304 and 128?
16
Calculate the highest common divisor of 96 and 1104.
48
Calculate the highest common factor of 27 and 3.
3
What is the greatest common factor of 9089 and 149?
149
What is the greatest common divisor of 22 and 946?
22
Calculate the highest common factor of 70 and 24626.
14
Calculate the highest common divisor of 8905 and 520.
65
Calculate the greatest common divisor of 515 and 412.
103
What is the highest common factor of 63 and 72?
9
What is the highest common divisor of 225 and 1275?
75
What is the highest common divisor of 980 and 100?
20
What is the greatest common factor of 255 and 102?
51
What is the greatest common divisor of 46 and 6?
2
What is the highest common factor of 102 and 1513?
17
Calculate the greatest common factor of 27 and 135.
27
What is the highest common factor of 333 and 45?
9
Calculate the highest common divisor of 22 and 176.
22
Calculate the highest common divisor of 15650 and 75.
25
What is the greatest common factor of 49 and 441?
49
What is the greatest common divisor of 98 and 7?
7
What is the greatest common factor of 1547 and 34?
17
What is the greatest common factor of 325 and 715?
65
Calculate the highest common divisor of 17 and 19.
1
Calculate the highest common divisor of 1512 and 270.
54
Calculate the greatest common divisor of 207 and 23.
23
Calculate the highest common divisor of 48 and 768.
48
Calculate the highest common factor of 30 and 11595.
15
Calculate the highest common factor of 10 and 3310.
10
What is the highest common factor of 6 and 50?
2
What is the greatest common factor of 3354 and 78?
78
What is the highest common divisor of 364 and 3458?
182
What is the greatest common divisor of 414 and 396?
18
What is the highest common factor of 19 and 17499?
19
Calculate the greatest common divisor of 1044 and 225.
9
Calculate the greatest common factor of 7154 and 219.
73
Calculate the greatest common factor of 31 and 37.
1
Calculate the highest common factor of 624 and 520.
104
What is the greatest common factor of 3087 and 63?
63
What is the greatest common divisor of 741 and 273?
39
Calculate the greatest common factor of 12 and 24.
12
What is the highest common divisor of 57 and 2?
1
Calculate the highest common divisor of 1344 and 1296.
48
Calculate the highest common divisor of 822 and 77679.
411
What is the greatest common factor of 24 and 7734?
6
Calculate the highest common divisor of 129 and 27.
3
Calculate the highest common factor of 26 and 1222.
26
Calculate the greatest common factor of 344 and 43.
43
What is the highest common factor of 680 and 30?
10
What is the highest common divisor of 222 and 2516?
74
What is the greatest common factor of 13 and 234?
13
Calculate the greatest common factor of 61 and 793.
61
Calculate the highest common divisor of 130 and 9555.
65
Calculate the highest common factor of 803 and 11.
11
Calculate the highest common factor of 248 and 9734.
62
Calculate the highest common divisor of 120 and 768.
24
Calculate the highest common factor of 25 and 100.
25
Calculate the greatest common divisor of 12 and 330.
6
What is the highest common factor of 127